is c(8)?
-77
Let t(l) be the second derivative of l**3/6 - 3*l**2 + 3097*l. Determine t(7).
1
Suppose 10 + 45 = 5*o. Let p(v) = -v**2 + 6*v + 51. Let q be p(o). Let f(k) = -5*k - 6. Calculate f(q).
14
Let j(s) = s**2 - 6*s - 36. Let d be j(10). Let n(a) = -d + 0 + a + 6. Give n(-8).
-6
Let j(r) = r**3 - 8*r**2 - r + 7. Let t be j(8). Let x be (-10 + 7)*(t + -2 + 2). Let g(k) = -k**2 + 3. Give g(x).
-6
Let x(y) = 34*y - 29. Let a be x(7). Let z = -214 + a. Let r(n) = -n**2 - 3*n + 6. Calculate r(z).
-4
Let a = 1617 - 1624. Let x(b) be the first derivative of 1/2*b**2 - 2 + 5*b. Give x(a).
-2
Let t(u) = -3*u**2 + 32. Let i(w) = 8*w**2 + 48*w + 164. Let y(x) = -i(x) - 2*t(x). What is y(-18)?
-12
Let n(t) = t**2 - 6*t + 9. Let z be n(7). Let p(m) = -z*m - 3 - 3 + 17*m - 4. Let v be (2 - -8) + (41 - 38). Give p(v).
3
Let t(c) = 2*c**2 - 4*c + 10. Suppose 48*p - 166 + 101 - 271 = 0. What is t(p)?
80
Let m(b) = b**2 + b - 1. Suppose -2*j + 4*t = 10, -5 = -24*j + 25*j + 3*t. What is m(j)?
19
Let w(d) = -881490 + 0*d + 2*d + 881483. Suppose -4*r + r = -9. Suppose -2 = j + r. Calculate w(j).
-17
Suppose -x + 2*d = -2, 13 + 3 = 3*x + 4*d. Let h(m) be the second derivative of -m**2 + 0*m**3 + 1/6*m**4 + 0 + x*m. Calculate h(-2).
6
Let o(w) = 3*w**2 - 3*w - 5. Suppose 0 = -2*y, -13 = 3*h - 4*y + 6 - 16. What is o(h)?
1
Let o be (-12)/16 - (-720)/(-64). Let y(i) = -i**3 - 11*i**2 + 9*i - 24. Determine y(o).
12
Let n(f) = -f**2 - f - 8. Let p be n(0). Let r = 11 + p. Let g(b) be the third derivative of -b**4/24 - b**3/3 + 7*b**2 + 20*b. What is g(r)?
-5
Let l(d) = -d - 9. Suppose 92 - 268 = -4*g. Let v = 36 - g. Determine l(v).
-1
Let y(h) = -h**2 - 2*h + 1. Let n(d) = -d**2 + 17*d + 13. Suppose m - 43 = -j - 2*j, 4*j - 36 = 4*m. Let k be n(j). Let o = -68 + k. Calculate y(o).
-2
Let v = -433 + 429. Let q(k) = 7*k**2 + 7*k - 3. Let h(t) = 3*t**2 + 3*t - 1. Let f(g) = 5*h(g) - 2*q(g). What is f(v)?
13
Let d(w) = -w**3 + 7*w**2 + 4. Let y be d(7). Let h = -283 + 290. Let c(v) = -16*v + 3. Let q(b) = 14*b - 3. Let x(p) = h*q(p) + 6*c(p). Calculate x(y).
5
Let o(m) = -m**3 - 21*m**2 - 22*m - 31. Let k = 6874 - 6894. Calculate o(k).
9
Let x(p) = -p**2 + 11*p - 31. Suppose -3*k + 6 = -n, -3*k - n + 3 = -9. Let f(y) = -y**2 + 12*y - 26. Let h(g) = k*x(g) - 4*f(g). Calculate h(14).
-3
Let h(z) = -69*z - 38 - 29*z**2 + z**3 + 73*z - 38*z - 27*z. What is h(31)?
-7
Let i(z) = -65*z**3 - 29*z**2 + 30*z + 13. Let n(d) = -32*d**3 - 16*d**2 + 16*d + 7. Let w(o) = 6*i(o) - 11*n(o). What is w(-1)?
37
Suppose 2*g - 3*z + 10 - 4 = 0, -3*g = -z - 5. Let p(k) = 101*k - 102*k - 15*k**g - 6*k**3 - 1 - k**2 + 2. Calculate p(1).
-22
Let d(p) = -2*p - 5. Let m be (-24)/(-7)*-7*12/4. Let u = m + 99. Suppose 0 = -5*t + 2*v + 2*v, 3*v + u = -3*t. What is d(t)?
3
Let q be ((-870)/(-8))/((-7)/28). Let d = 428 + q. Let a(f) = f**3 + 8*f**2 + 3*f - 15. Give a(d).
13
Let w(p) = p**3 + 16*p**2 - 5*p + 16. Let g be w(-8). Let d(t) = -t**2 - g + 577 - 6*t - 5*t. What is d(-11)?
9
Let u(r) = r**3 + 2*r**2 + 4*r - 16. Let i(t) = 2*t**3 + 3*t**2 + 8*t - 34. Let y(x) = -4*i(x) + 9*u(x). Determine y(-6).
-32
Let k(s) = 6*s - 9. Let o be (8 - 8)/(-8)*(2 + -3)/1. What is k(o)?
-9
Let c(l) = 148*l + 31. Let m(h) = -29*h - 7. Let d(n) = -4*c(n) - 21*m(n). Give d(-2).
-11
Let s(c) = -7*c**2 + 108*c + 8. Let u(w) = 9*w**2 - 138*w - 8. Let x(j) = 5*s(j) + 4*u(j). Give x(7).
-27
Let q = -5 + -3. Let r(p) be the third derivative of -p**5/60 - 7*p**4/24 - p**3/3 + 94*p**2 - p - 2. Calculate r(q).
-10
Let q(o) = 25*o - 833. Let x(p) = -12*p + 395. Let r(y) = -6*q(y) - 13*x(y). What is r(22)?
-5
Let z(b) = -b**2 - 17*b - 8. Let s be -13 + (-350)/(-100)*(-12)/14. Calculate z(s).
8
Let k be (-9)/1*((-320)/24)/2. Let j = k + -61. Let l(a) be the first derivative of 10*a**3/3 - a + 4. Give l(j).
9
Let x(z) be the first derivative of -33*z**2/2 - 67*z + 1745. Determine x(-2).
-1
Let d(x) = -9*x**3 + 13*x**2 + 2*x + 61. Let o(t) = 5*t**3 - 6*t**2 - 33. Let m(h) = -4*d(h) - 7*o(h). Give m(11).
20
Let s be (682/(-372))/((-6)/72). Let r(m) = m**3 - 23*m**2 + 28*m - 125. What is r(s)?
7
Suppose 2*f = 5*f + 18. Suppose 0 = -p - 3*u + 8*u + 28, 5*p - u = 20. Let k(q) = 4*q**3 + 6*q**2 - 33*q - 3*q**p + 5 + 35*q. What is k(f)?
-7
Let c(h) be the second derivative of -5/6*h**3 + 12 + 3*h - 1/6*h**4 + 1/2*h**2. What is c(-4)?
-11
Let l(o) = -o**2 - 11*o + 11. Let a(n) = -n**2 - 5*n + 5. Let s(q) = -9*a(q) + 4*l(q). Let y = 370 - 366. Suppose u - 5*j - 3 = 0, -y*j - j = u + 7. Give s(u).
17
Let o(p) = -13*p**3 + 14*p**2 - 7*p - 6. Let w(u) = -11*u**3 + 13*u**2 - 7*u - 6. Let f(d) = -6*o(d) + 7*w(d). What is f(-4)?
70
Let n(b) = 10*b**3 - 22*b**2 + 14*b + 4. Let i(s) = 7*s**3 - 20*s**2 + 14*s + 3. Let u(f) = 3*i(f) - 2*n(f). Give u(15).
-14
Let c(j) be the third derivative of j**5/60 + 3*j**4/8 - 4*j**3/3 - 2314*j**2 + 2. What is c(-10)?
2
Let s(h) = h. Let k(l) = -57*l - 1 + 31*l + 27*l - 3. Let z(g) = g**3 + 12*g**2 + 10*g - 14. Let r be z(-11). Let w(p) = r*s(p) + k(p). Calculate w(-6).
8
Let h(j) = -6*j**2 - j + 2. Suppose 0 = c + 2 - 4. Suppose c = i + 1. Determine h(i).
-5
Let z(l) = -9*l + 707. Let i(u) = -32. Let m(d) = 6*i(d) + z(d). Give m(57).
2
Let b(h) = h**3 - h**2 - 4*h - 3. Let n be (-175)/(-20) - (1 + 1/(-4)). Suppose n*i + 36 = 10*i. Let q be (-116)/(-30) + i/135. Give b(q).
29
Let u(r) = -r**3 - 5*r**2 - 3*r + 1. Let p(o) = -5*o + 12 + 2*o + o**3 - 16*o**2 - 4*o + 11*o**2. Let y be p(7). Suppose 3*v - 52 = -y. Give u(v).
-8
Let d(m) = -14*m - 92. Let o = 2630 - 2637. What is d(o)?
6
Let p(c) = c**2 + 22*c + 37. Let w be 194/1067 - (-888)/(-44). Calculate p(w).
-3
Let f be ((-2)/(-12)*-3)/((13/(-26))/(-1)). Let v(y) = 119*y - 1. What is v(f)?
-120
Let j(q) = 1 + q**2 - 156*q + q**2 - 152*q + 322*q - 3*q**2. Calculate j(6).
49
Let z = 171 + -169. Let q(c) = 0 - 394*c + z + 395*c. Determine q(-8).
-6
Let a(t) = -t**3 + 7*t**2 + t. Let l = -2 + 18. Suppose -2*w = 5*u - 42, 4*u - l = -0. Suppose -2*x + 5*g = w, -2*x + 4*g = 1 + 5. What is a(x)?
7
Let a(t) be the second derivative of -1/2*t**4 + t - 37 - 11/6*t**3 - 2*t**2 + 1/20*t**5. Determine a(8).
36
Let c(d) = 2*d**3 - 3*d**3 + 8 - 10*d**2 + 3*d**2 + 2*d. Let a = -1189 - -803. Let n = 379 + a. Calculate c(n).
-6
Let q be -12*(7 - 6)/(-4). Let a(l) be the second derivative of -6*l + 1/2*l**2 - 1/6*l**q + 0. Calculate a(9).
-8
Let f(y) = 2*y**2 - 3*y - 5. Let n(c) = -c**2 + c + 2. Let a(d) = 2*f(d) + 5*n(d). Suppose -4*w = 5*b - 114, 5*b - w - 32 = 77. Let z = -26 + b. Calculate a(z).
-12
Suppose -3*t - 34 = -4*t. Let a = t + -16. Let s = -15 + a. Let q(v) = 2*v - 1. Determine q(s).
5
Let h(p) be the second derivative of -p**3/6 + 21*p**2/2 - p. Let s be 505/20 - (-7)/(-28). Suppose 0 = -s*y + 21*y. Determine h(y).
21
Let j(u) be the third derivative of 0 - 5/3*u**3 + 1/10*u**5 + 2*u**2 + 1/120*u**6 - 3/8*u**4 - 28*u. What is j(-7)?
4
Let z(y) = -y**2 + y + 1. Let t be 324/6*1/(-2). Suppose -5*n - 2*a - 126 = 0, -3*n - 17*a + 14*a = 72. Let f = t - n. Give z(f).
-1
Let u(m) = -4*m**2 - 34*m + 84. Let f(j) = 3*j**2 + 17*j - 51. Let p(q) = 5*f(q) + 3*u(q). What is p(6)?
3
Let c(l) = -12*l - 53. Let z be -4*(56/(-14))/(-4). Determine c(z).
-5
Let b(n) = -4 - n**2 + 0 - 83*n - 1 + 86*n. Let l(u) = -10*u - 17. Let m be l(-2). Determine b(m).
-5
Let w be -2*(-1)/((-6)/(-549)). Let g = -187 + w. Let r(o) = -o**2 - o - 4. Determine r(g).
-16
Let n(k) = -3*k**3 + 2*k**2 + 50*k + 49. Let u be 1*(-26 - -11 - -14). Determine n(u).
4
Let d(k) = k**3 + 14*k**2 - 3*k - 33. Let m = 2556 - 2570. What is d(m)?
9
Let q(u) = -316*u - 308*u - 7*u**2 + 1 - 5 + 628*u. Calculate q(4).
-100
Let f be (0 - 0) + 2/2. Let k be (-4)/14 + 10116/28. Let r(n) = -197*n**2 + k*n**2 + n - 181*n**2. What is r(f)?
-16
Let f(c) = 743*c**2 + 744*c**2 + 2 - 1476*c**2 + 13 + c**3 + 4*c + 6*c. Give f(-10).
15
Let h(y) be the second derivative of 2*y**3/3 - 2*y**2 + 11*y + 47. Give h(-8).
-36
Let u be (7/(-14))/(166/(-164) - -1). Let v(o) = -4*o**2 - 7 + u*o - 3*o**2 - 44*o - o**3. Let b be 1 + 0 - (10 + -2). Give v(b).
14
Let f(i) = -40*i**2 + 26*i + 40. Let g(h) = 13*h**2 - 9*h - 13. Let o(w) = 5*f(w) + 16*g(w). Let c be o(-5). Let v(m) = c*m - 260*m - 3 + 4 - 4. Determine v(2).
1
Let b(g) be the f